 100?
True
Is 28 a factor of 1215833?
False
Is 5 a factor of 59031?
False
Is 1803412 a multiple of 158?
True
Is 387756 a multiple of 29?
False
Is 21 a factor of 7738857?
True
Does 114 divide 309510?
True
Is 646580 a multiple of 15?
False
Does 86 divide 186355?
False
Is 3244664 a multiple of 392?
False
Is 61206 a multiple of 71?
False
Is 223520 a multiple of 254?
True
Is 457 a factor of 7306973?
True
Does 29 divide 125857?
False
Is 623041 a multiple of 12?
False
Does 10 divide 85259?
False
Is 6 a factor of 2197?
False
Is 407525 a multiple of 17?
False
Is 9783082 a multiple of 1300?
False
Is 6461 even?
False
Is 483 a factor of 1663452?
True
Is 16 a factor of 182128?
True
Does 509 divide 2876868?
True
Is 3649200 a multiple of 200?
True
Does 442 divide 219436?
False
Is 35832 a multiple of 24?
True
Is 101621 a multiple of 155?
False
Does 468 divide 164736?
True
Is 77851 a multiple of 6?
False
Is 75 a factor of 142589?
False
Does 19 divide 2442222?
True
Does 153 divide 78336?
True
Does 1100 divide 51700?
True
Does 21 divide 154140?
True
Is 175 a factor of 11725?
True
Is 756521 a multiple of 67?
False
Is 9 a factor of 861475?
False
Is 12725664 a multiple of 609?
True
Is 38997 a multiple of 9?
True
Is 118467 a multiple of 95?
False
Does 61 divide 64416?
True
Does 141 divide 1181862?
True
Does 1214 divide 6258786?
False
Is 37350 a multiple of 30?
True
Is 32 a factor of 3576704?
True
Is 30 a factor of 136967?
False
Is 110 a factor of 154220?
True
Is 486 a factor of 174007?
False
Does 87 divide 842914?
False
Is 1471979 a multiple of 57?
False
Is 387744 a multiple of 96?
True
Is 133956 a multiple of 36?
True
Is 16 a factor of 129920?
True
Is 142 a factor of 324896?
True
Is 456010 a multiple of 12?
False
Does 50 divide 11227142?
False
Is 342 a factor of 162450?
True
Is 238 a factor of 3280131?
False
Does 11 divide 4479714?
False
Is 1631522 a multiple of 111?
False
Is 820756 a multiple of 31?
True
Does 371 divide 438123?
False
Does 5 divide 315595?
True
Is 719100 a multiple of 102?
True
Is 32291753 a multiple of 1299?
False
Is 455820 a multiple of 27?
False
Does 150 divide 143553?
False
Does 37 divide 5002770?
True
Is 871840 a multiple of 80?
True
Is 1369143 a multiple of 9?
True
Is 6827499 a multiple of 1300?
False
Is 11 a factor of 126841?
True
Is 743889 a multiple of 26?
False
Does 48 divide 82228?
False
Is 19 a factor of 2907727?
False
Does 53 divide 3099652?
True
Does 30 divide 304609?
False
Does 66 divide 306768?
True
Does 248 divide 5211224?
True
Is 3661614 a multiple of 11?
True
Is 5 a factor of 2420?
True
Is 1011153 a multiple of 4?
False
Is 972372 a multiple of 6?
True
Is 4347746 a multiple of 68?
False
Does 102 divide 123012?
True
Does 46 divide 1416?
False
Is 13 a factor of 343760?
False
Is 341132 a multiple of 22?
True
Does 39 divide 192695?
False
Is 978 a factor of 2675808?
True
Is 9065074 a multiple of 83?
False
Does 555 divide 4910640?
True
Is 285775 a multiple of 575?
True
Is 23 a factor of 105809?
False
Is 27 a factor of 51759?
True
Is 87177 a multiple of 41?
False
Does 47 divide 18189?
True
Does 484 divide 425656?
False
Is 139 a factor of 15858?
False
Does 44 divide 537812?
True
Is 217952 a multiple of 16?
True
Is 18326937 a multiple of 84?
False
Does 771 divide 1932171?
False
Is 6 a factor of 46413?
False
Is 692274 a multiple of 11?
True
Is 103 a factor of 3046455?
False
Is 104 a factor of 188874?
False
Is 5582785 a multiple of 13?
True
Is 18463929 a multiple of 379?
False
Does 641 divide 646128?
True
Is 2191440 a multiple of 1985?
True
Does 466 divide 242996?
False
Is 24 a factor of 1138872?
True
Is 62 a factor of 3389044?
True
Is 90 a factor of 840420?
True
Is 214 a factor of 4036254?
True
Is 193217 a multiple of 396?
False
Is 305028 a multiple of 111?
True
Is 18 a factor of 212531?
False
Is 2 a factor of 29393?
False
Is 1091 a factor of 1533946?
True
Is 285969 a multiple of 87?
True
Is 801 a factor of 11221?
False
Is 12 a factor of 47640?
True
Is 769686 a multiple of 31?
False
Does 61 divide 3028467?
True
Is 52 a factor of 46390?
False
Does 22 divide 6445?
False
Is 154 a factor of 2496124?
False
Is 123084 a multiple of 36?
True
Is 23 a factor of 44344?
True
Is 9 a factor of 6543?
True
Is 2987217 a multiple of 25?
False
Is 203 a factor of 57523?
False
Is 10483400 a multiple of 100?
True
Is 14 a factor of 151695?
False
Does 40 divide 264640?
True
Is 203515 a multiple of 403?
True
Is 13 a factor of 661219?
True
Is 3854219 a multiple of 43?
True
Is 943 a factor of 2100061?
True
Does 1460 divide 3439760?
True
Does 8 divide 80792?
True
Is 11477352 a multiple of 12?
True
Does 61 divide 18056?
True
Does 347 divide 127969?
False
Does 59 divide 11788616?
False
Does 970 divide 8749620?
False
Does 165 divide 165330?
True
Does 175 divide 98078?
False
Is 73 a factor of 268640?
True
Is 123127 a multiple of 177?
False
Is 28 a factor of 1060875?
False
Is 1534029 a multiple of 119?
True
Is 52 a factor of 4772508?
True
Does 144 divide 3268718?
False
Is 88 a factor of 2094667?
False
Is 749 a factor of 1727194?
True
Does 10 divide 1189570?
True
Does 3 divide 220771?
False
Is 12 a factor of 4634134?
False
Is 963699 a multiple of 159?
True
Is 209261 a multiple of 162?
False
Does 90 divide 135621?
False
Is 102 a factor of 1733898?
True
Is 60 a factor of 406111?
False
Does 31 divide 3055236?
True
Is 592608 a multiple of 74?
False
Is 268 a factor of 21562260?
False
Is 51 a factor of 138475?
False
Is 287097 a multiple of 22?
False
Is 41 a factor of 91338?
False
Is 543536 a multiple of 45?
False
Is 6 a factor of 144294?
True
Is 1918686 a multiple of 87?
False
Is 15 a factor of 141817?
False
Does 16 divide 3120057?
False
Does 230 divide 2609765?
False
Does 5 divide 76225?
True
Is 436322 a multiple of 299?
False
Is 146 a factor of 1035018?
False
Is 175 a factor of 1045613?
False
Is 124 a factor of 5594051?
False
Is 45 a factor of 43153?
False
Does 190 divide 460734?
False
Does 97 divide 1759103?
False
Is 590 a factor of 515660?
True
Does 181 divide 52242?
False
Is 551885 a multiple of 19?
False
Is 217095 a multiple of 18?
False
Does 50 divide 427700?
True
Is 55442 a multiple of 136?
False
Is 12 a factor of 1850304?
True
Does 37 divide 31098?
False
Is 264436 a multiple of 9?
False
Does 89 divide 181026?
True
Is 26 a factor of 6826144?
True
Is 662658 a multiple of 179?
True
Does 15 divide 9483?
False
Does 37 divide 42920?
True
Is 199 a factor of 2195281?
False
Does 6 divide 772672?
False
Does 47 divide 338595?
False
Is 99400 a multiple of 25?
True
Is 20808469 a multiple of 11?
True
Is 165 a factor of 309870?
True
Does 740 divide 1386020?
True
Is 61 a factor of 65645?
False
Is 18 a factor of 14598?
True
Is 28 a factor of 561013?
False
Is 2927847 a multiple of 13?
True
Is 14 a factor of 5458377?
False
Is 95 a factor of 129017?
False
Is 13 a factor of 1791257?
True
Is 3391259 a multiple of 1077?
False
Does 5 divide 1498865?
True
Is 5378855 a multiple of 15?
False
Is 73 a factor of 228904?
False
Is 747 a factor of 917316?
True
Is 700570 a multiple of 419?
False
Is 442 a factor of 20563307?
False
Is 120 a factor of 1524859?
False
Is 838500 a multiple of 52?
True
Is 103939 a multiple of 54?
False
Does 82 divide 430280?
False
Is 15 a factor of 61890?
True
Is 46 a factor of 71026?
False
Is 828 a factor of 3151368?
True
Is 1273295 a multiple of 60?
False
Is 18 a factor of 4207?
False
Does 26 divide 345197?
False
Does 9 divide 9111809?
False
Is 37 a factor of 898323?
True
Is 3737034 a multiple of 399?
True
Is 18 a factor of 485982?
True
Does 5 divide 369234?
False
Does 45 divide 103349?
False
Does 32 divide 3418409?
False
Is 7 a factor of 44009?
True
Does 27 divide 3009444?
False
Is 126488 a multiple of 38?
False
Does 5 divide 273771?
False
Is 350959 a multiple of 277?
True
Does 220 divide 643212?
False
Is 6265775 a multiple of 425?
True
Is 2 a factor of 375344?
True
Does 6 divide 990347?
False
Is 739160 a multiple of 36?
False
Is 27 a factor of 558360?
True
Does 213 divide 6609390?
True
Is 3747541 a multiple of 7?
True
Does 62 divide 1133050?
True
Does 27 divide 3136077?
True
Is 44120 a multiple of 10?
True
Does 228 divide 850907?
False
Is 892004 a multiple of 234?
False
Does 706 divide 3046390?
True
Is 76912 a multiple of 21?
False
Is 16 a factor of 53584?
True
Is 3731